ue
Let s(m) = 2*m**2 - m - 4. Suppose -4 = -2*r + 3*r. Let h be s(r). Suppose h = -3*d + 143. Is d a composite number?
False
Let x(j) = j**3 + j**2. Let b be x(0). Let w(u) = 2 + b - 16*u + 5*u - 14*u. Is w(-3) a prime number?
False
Suppose -b = -0*b + 137. Let q = 116 - 196. Let u = q - b. Is u a prime number?
False
Let l(k) be the third derivative of -k**6/120 + k**5/10 + 11*k**4/24 - 7*k**3/6 + k**2. Let j be l(7). Suppose 2*g - j = g. Is g a prime number?
False
Let y(o) = -26*o**3 + o**2 + 2*o + 1. Let l = 4 - 8. Is y(l) composite?
True
Suppose 2*t - 5*t = 4*k - 44, -3*k = 3*t - 48. Suppose -2*l - 3*l + t = 0. Is l composite?
True
Let s = -9 - -106. Is s a composite number?
False
Let x(j) = 2*j + 3. Let v(a) = -4*a - 14. Let y(n) = -n. Let f(u) = -v(u) - 6*y(u). Let q(i) = -2*f(i) + 11*x(i). Is q(4) prime?
True
Is ((-2)/4*409)/(2/(-4)) a composite number?
False
Let i(a) = 110*a**2 + 5*a - 5. Let c be i(2). Suppose 8*l = 3*l + c. Is l prime?
True
Let q = -10 - -18. Let v(d) = d**3 - 6*d**2 - 3*d + 2. Is v(q) composite?
True
Let s be 2/7 + 440/77. Let i = s + -6. Suppose 4*g + 89 - 1141 = i. Is g a composite number?
False
Let o = 12 + -10. Suppose -o*r + 3*r - 161 = -3*h, 0 = -4*h + 2*r + 228. Is h composite?
True
Let d be 2/(-2)*-6 - 3. Let w(b) = 2 - d + 0 - 31*b**3 - b**2 - 2*b. Is w(-1) a composite number?
False
Let u(o) = -3*o**3 - 6*o**2 - o + 4. Let p(g) = -3*g**3 - 6*g**2 - g + 4. Let y(n) = -4*p(n) + 5*u(n). Let a be y(-4). Is (1/2)/(4/a) composite?
False
Let m(n) = -n**2 + 4*n + 14. Let z(p) = -p - 1. Let w(u) = -m(u) - 4*z(u). Is w(7) composite?
True
Let u(t) be the second derivative of -133*t**3/6 - 7*t**2 + 9*t. Is u(-7) a prime number?
False
Let w(l) = -11*l + 5. Let q(s) = 39*s - 18. Let o(z) = -5*q(z) - 18*w(z). Let a be ((-6)/4 - -2) + (-52)/(-8). Is o(a) a composite number?
True
Let u(x) = 17*x**3 - 2*x**2 - 6*x - 6. Is u(5) a composite number?
False
Suppose l + l = 432. Let z be ((-2)/(-4))/(6/l). Suppose 0 = -4*f + 758 - z. Is f prime?
False
Suppose -38 - 12 = -5*p. Is p a composite number?
True
Let t(w) = -455*w - 1. Is t(-1) composite?
True
Let m be ((-1)/1 + 0)*-3. Suppose -m*t - 175 = -7*t + 3*y, 0 = 2*t + 4*y - 104. Let j = t - 27. Is j composite?
False
Let q = 60 + -13. Let f = q - 33. Is f a composite number?
True
Let n = -1778 + 3201. Is n prime?
True
Let u(p) = -p**2 - p - 2. Let c(f) = 2*f**2 + 2*f + 3. Let k(j) = 3*c(j) + 5*u(j). Is k(-4) a prime number?
True
Let g be 4/24 - 11/(-6). Suppose 5*l + 1064 - 356 = 4*k, -k + g*l = -177. Is k a composite number?
True
Let r(h) = h. Let d(z) = -5*z**2 + 3*z. Let k(m) = -d(m) + 4*r(m). Let s be k(-1). Suppose s*b - 340 = -0*b. Is b composite?
True
Let a = -2 + 4. Suppose -177 = -a*t + t. Is t a composite number?
True
Let h(q) be the first derivative of 115*q**3 - 3*q**2/2 - 2*q + 6. Is h(-1) a prime number?
False
Let q(k) = 10*k - 1. Let r = 3 + -2. Let i be q(r). Is (i/(-6))/((-6)/16) prime?
False
Suppose -3*a - 1 = -4. Is (200 - -6) + (a - -2) a composite number?
True
Let w be 134 - -2 - (6 - 3). Let r = -49 + w. Suppose -2*u - u = -3*s - r, 0 = -3*u - s + 64. Is u a prime number?
True
Let h(b) = -2*b**2 - 32*b - 37. Let l(f) = 3*f**2 + 48*f + 55. Let t(n) = -8*h(n) - 5*l(n). Is t(-15) composite?
True
Let a be -2 + 2 - (-6 + 2). Suppose -4*d = a*j - 7*d, -2*d + 20 = 4*j. Suppose 3*h = j*n + 33, 0 = 3*h + 3*n - n - 53. Is h prime?
False
Suppose 4*d = -1 - 11. Let v = -1 - d. Is 1 - 1/(v/(-176)) composite?
False
Suppose 3*o = l - 4*l + 15, -3*o + 15 = l. Let i(c) = -4 + 13*c**3 + l + c + 3. Is i(3) a composite number?
False
Let p = 107 - -1794. Is p a prime number?
True
Let y = -2384 - -3669. Is y composite?
True
Suppose -5*d + 196 = -2*y, 0 = 4*d - 2*y - y - 161. Let r(k) = -47*k**3 - k**2 + 1. Let i be r(-1). Let l = d + i. Is l composite?
True
Let m(g) = 47*g - 12. Is m(5) a composite number?
False
Let z(a) = -114*a - 5. Is z(-4) composite?
True
Let u(f) = 2*f**2 + 3*f + 2. Let s be u(-2). Suppose 16 = 4*z, 5*i - 8*z = -s*z - 6. Is i + 2*154/4 a prime number?
True
Let o be 2/(0 - (-3 + 2)). Suppose -108 = -o*z + 506. Is z prime?
True
Let z be -1 + 0/(1 - 0). Let x be z + 2 + 6 + -1. Is (-4)/(-6) - (-290)/x prime?
False
Let c = -274 - -593. Is c composite?
True
Suppose -9 = -r - 0*r. Let x = -4 + 62. Let d = x + r. Is d a composite number?
False
Let g(w) = -w**2 - 60*w - 33. Is g(-14) composite?
True
Let x(m) = -2*m**2 + m**2 + 13*m + 0*m**2 + 5. Is x(7) composite?
False
Suppose a + 48 - 355 = 0. Is a a prime number?
True
Let g(h) = -319*h - 7. Is g(-2) composite?
False
Let g = 58 + -10. Let t = 24 - 8. Suppose -2*f = a - t, -g = -0*f - 4*f + 2*a. Is f composite?
True
Let j(v) = -2*v + 3. Let f be j(4). Let c(y) = 21*y + 6. Let q(u) = -11*u - 3. Let m(g) = -6*c(g) - 11*q(g). Is m(f) prime?
False
Let q be 0 - (2 + -7 + 2). Let v(k) = 9*k**3 + 3*k + 1. Is v(q) a prime number?
False
Let u be (-4 - -8) + (-2 - -3). Suppose 5*h - u = 0, h - 21 = -2*l + 138. Is l composite?
False
Let z = 664 - -505. Is z prime?
False
Let h = -1291 + 2168. Is h a composite number?
False
Let z(k) = 3*k - 3. Let v be z(3). Let g(b) = -b + 6. Let m be g(v). Suppose q - 5*j - 73 = -m*q, -4*q + 226 = 2*j. Is q a prime number?
False
Let p(i) be the third derivative of i**6/360 - i**5/20 + i**4/4 + i**3/6 + 4*i**2. Let j(k) be the first derivative of p(k). Is j(7) a prime number?
True
Is (2/(-3))/(4*2/(-31884)) prime?
True
Let a = 19 + -21. Is 2*(-1)/a - -126 composite?
False
Let a be (-1042)/(-10) + 6/(-30). Suppose 3*c - a = -11. Is c composite?
False
Let r = 54 - -15. Is r a composite number?
True
Let m(w) = 72*w - 21. Is m(15) a composite number?
True
Let h = 6862 - 3659. Is h a composite number?
False
Let g(l) = 7*l**3 - 3*l**2 - 5*l + 2. Is g(3) a composite number?
False
Let d(b) = b**3 + 18*b**2 - 17*b + 3. Is d(-13) a composite number?
False
Let p(f) = 20*f - 16*f - f**3 + 2 + 5*f**2 + 3. Is p(-7) prime?
False
Let p(g) = 2*g**2 + 12*g + 7. Is p(-10) a composite number?
True
Let x(a) = -22*a - 3. Let m(y) = 45*y + 6. Let d(c) = 2*m(c) + 5*x(c). Let h be d(3). Is (h + 1)*3/(-6) a composite number?
False
Suppose -16 = -5*g + 4. Suppose 4*a - 5*j = 40, -3*a + 0*a = -g*j - 31. Suppose -4*o = -7*i + 4*i - 37, -a*i + 25 = 0. Is o a composite number?
False
Let w(o) = 4176*o**2 - 7*o - 6. Is w(-1) prime?
True
Suppose -r = -55 - 146. Is r a prime number?
False
Suppose 1 - 2 = -t. Is 23/2*(t + 1) composite?
False
Suppose -5*d + 1133 - 18 = -k, 5*d - 1115 = 4*k. Is d a composite number?
False
Suppose 2*r - 4*r = 0. Suppose g = -2*z + z + 47, -4*g + 4*z + 156 = r. Is g prime?
True
Let u(d) = -d + 12. Let w be 8/(-6)*(-63)/14. Suppose 30 = w*z - z. Is u(z) prime?
False
Is (-2 - (-162)/(-4))*-2 a prime number?
False
Let u(j) = -j**2 - 4*j + 1. Let x be u(-3). Suppose 8 = -x*s - 8. Is (-2 - 3)/(2/s) prime?
False
Let y be ((-9)/(-6))/((-2)/(-16)). Suppose 5*h = 4*h + 2*f + y, 5*h - 3*f - 25 = 0. Suppose -g - 4*g - 94 = -h*v, -3*g - 160 = -4*v. Is v composite?
False
Is 19/((-33)/154*4/(-6)) a prime number?
False
Suppose -q + 2*k + 45 = -0*k, 4*q = 4*k + 188. Is q a composite number?
True
Let y(h) = -6*h + 7. Let l(j) = -2*j**3 - 2*j**2 + 2*j. Let m be l(-2). Suppose -5*w - 39 = -m*g + 3*g, 2*w = -3*g - 19. Is y(w) prime?
False
Let x(g) = 19*g + 16*g - 12*g. Let m be (2/(-4))/((-2)/12). Is x(m) a composite number?
True
Let r(f) = f**2 - 16*f + 33. Is r(16) a prime number?
False
Let t = -375 + 1048. Is t prime?
True
Suppose -2*k + 7*k - 3*f = 745, 4*k + 3*f - 596 = 0. Is k a composite number?
False
Let b(w) = -w**3 + 6*w**2 + 2*w - 6. Let j be b(6). Is (0 - 34)/(j/(-15)) a prime number?
False
Let u be (-1 - -472)/(9/6). Suppose -u = -z - z. Is z a composite number?
False
Suppose 6*r = 2*r + 12. Suppose r*b = 9 - 0. Suppose -m - 26 = -b*m. Is m composite?
False
Suppose -4*g + 7*g = -2292. Is 3/(-9) + g/(-6) composite?
False
Let c(u) = -u**3 - 3*u**2 + 7*u - 6. Let z be c(-8). Suppose 0 = m + m - z. Is m composite?
True
Suppose 0 = 3*r - 2*r - 150. Let c = r - 26. Suppose 0*t = -4*t + c. Is t composite?
False
Let x(z) = 81*z + 4. Is x(5) a composite number?
False
Let z = 15 - -7. Is z prime?
False
Suppose 6*p - 4*p + 45 = t, 40 = t - p. Suppose 3633 = 4*q - t. Is q prime?
False
Let n(z) = -z - 1. Let c(v) =